-25)?
1
Let b be (6/(-9))/((-4)/78 - 0). Suppose -30*f = -b*f - 6426. What is the units digit of f?
8
Suppose -2*u = -h + 1 + 5, 0 = 4*h - 5*u - 18. Let i = -30 + 34. Suppose h*y - 27 = y + i*k, -k = -2*y + 40. What is the units digit of y?
9
Suppose -2*q - 5 = -3*w - 2, 0 = -w - 5*q - 16. What is the tens digit of ((-6)/3)/w - -85?
8
Suppose 2*g + 3*b + 6 = 38, 3*g - 48 = b. Let a = g + 51. What is the units digit of a?
7
What is the hundreds digit of 3 - 0 - (-4427 + 9 + -1)?
4
Let j = -154 + 155. What is the units digit of ((-294)/(-7))/j*(-22)/(-3)?
8
Let i(r) be the second derivative of -r**5/10 - 5*r**4/6 + 25*r**3/6 + 15*r**2/2 + 3*r - 25. What is the tens digit of i(-9)?
3
Suppose -k - 2308 = -4*c + 2074, -3*c = k - 3283. Suppose -c = -5*s + 2*s. What is the tens digit of s?
6
Let j = -118 + 13. Let b = j - -555. Suppose -7*c = -c - b. What is the tens digit of c?
7
Let c(u) = -u**3 + 7*u**2 - 2*u - 1. Let y be c(3). Suppose -p - 3*q = -6*q - y, 0 = p - 2*q - 24. Let a = 133 - p. What is the hundreds digit of a?
1
Let n(k) = 18*k**2 - 133*k - 222. What is the tens digit of n(41)?
8
Let p be 1/3*0 + (-7)/1. Let d(o) = -113*o + 112. What is the tens digit of d(p)?
0
Suppose -5*q + 4*z = -14186, -4*q + q + 8519 = 5*z. Suppose -9*w - q = -31*w. What is the tens digit of w?
2
Let d(y) = -1727*y - 86. What is the thousands digit of d(-1)?
1
Let a = 53027 + -34409. What is the tens digit of a?
1
Suppose -4*x + 6 = -14. Suppose -x*q = 2*n + 6102, 4441 = -n + 2*q + 1399. What is the tens digit of n/(-26) + 20/(-130)?
1
Let j be ((-16)/(-5))/((-32)/(-10) - 3). Let l be ((-38)/j + 2)*-8. Suppose 5*i - 3*y = 461, -5*i + 3*i = -l*y - 179. What is the units digit of i?
4
Let w = -546 + 567. Let s(z) = -z**3 + 22*z**2 + 8*z - 57. What is the tens digit of s(w)?
5
What is the units digit of 15369 + (-12 - (-48 + 15))?
0
Let d(f) = -f**3 - 85*f**2 + 137*f + 269. What is the ten thousands digit of d(-89)?
1
What is the ten thousands digit of 45200 - (196/(-245))/((-2)/5)?
4
Suppose -5*l - h + 36172 = -54834, 3*l = 3*h + 54618. What is the thousands digit of l?
8
Suppose -131*z + 507988 = -437954 - 710815. What is the ten thousands digit of z?
1
Suppose -18*k - 322762 = -4918. What is the tens digit of k/(-33) + (-3)/33?
3
Let i(z) be the second derivative of -z**5/20 - z**4/3 + z**3/6 - 45*z**2/2 - 17*z - 4. What is the units digit of i(-8)?
3
Let j be (-42 - 0)*5*(-2)/15. Suppose -j - 62 = 5*p. What is the tens digit of (-1642)/(-7) - p/42?
3
Let g(x) = -x**2 - 5*x + 6. Let b be g(-5). Let z be 3/(-9) - (-2)/b. Suppose -d = -z*s + 2*s - 538, 5*d = 5*s - 1345. What is the tens digit of s?
6
Suppose -11*v = 4 + 18. What is the units digit of (301 - (v - -4)) + 4?
3
Let s = -169 + 26. Let u = s - -370. Let i = -141 + u. What is the units digit of i?
6
Let p(c) be the second derivative of 157*c**4/12 + c**3/6 - 4*c**2 - 2*c - 86. What is the units digit of p(2)?
2
Let u be (-9)/3 + (-1 + 2 - -5). Let g(m) = 92*m + 3. What is the hundreds digit of g(u)?
2
Suppose -5*p + 83709 + 162531 = -4*q, 2*p + 4*q = 98496. What is the hundreds digit of p?
2
Let r = 4471 - 371. What is the thousands digit of r?
4
Suppose -b + 29 = -5*m, -5*m = -6*m - 5. Let a = -4 + 6. Suppose -288 = -b*q + 3*k, -a*k + k = -5*q + 360. What is the units digit of q?
2
Suppose 20*u = 49009 + 49751. What is the thousands digit of u?
4
Let k = -34695 - -58304. What is the units digit of k?
9
Let t(z) = 5*z + 6. Let q(i) = 14*i + 17. Let m(y) = -6*q(y) + 17*t(y). Let c be m(5). Suppose 2*s - c*s + 192 = 0. What is the tens digit of s?
6
Let o be (-9 - 24/8)*54/(-8). Let y = -13 - -19. Let l = o - y. What is the tens digit of l?
7
Let u be ((-1)/(5/(-4)))/(104/17940). Let g = u - 71. What is the units digit of g?
7
Suppose 38 = g + 35. Suppose -36 = -g*z + 30. Suppose z*u + 418 = 24*u. What is the hundreds digit of u?
2
Let x(p) = -p**3 + 14*p**2 + 9*p - 14. What is the hundreds digit of x(9)?
4
Suppose 1587380 = 95*k - 1124870. What is the ten thousands digit of k?
2
Let z(x) = 2 + 6 - 7 + 4 - 9 + 257*x. What is the tens digit of z(2)?
1
Suppose 158*s - 947485 = 51*s. What is the units digit of s?
5
Let h = -348 + 706. Suppose 11*l - 15*l = 0, -5*l = -g + h. What is the hundreds digit of g?
3
Suppose 75818 = 3*s + 4*i, 7*i - 95069 - 31292 = -5*s. What is the hundreds digit of s?
2
Suppose -173*o - 2476 = -174*o. Suppose 32*m = 36*m - o. What is the tens digit of m?
1
What is the hundreds digit of (-6142)/(-8) + (-1419)/516?
7
Let i = -103 - -10. Let l = i + 420. What is the units digit of l?
7
Let f = -4708 + 8778. What is the tens digit of f?
7
Let d(b) = b + 19. Let j be d(-3). Suppose -5 + 26 = 3*z. Suppose z*l + 891 = j*l. What is the tens digit of l?
9
Let s = 525 - -3180. What is the thousands digit of s?
3
Suppose -4*d - 25210 = -2*g, 3*g - 2*d - 37829 = 2*d. What is the units digit of g?
9
Let q be ((-2)/3)/((-42)/819). Suppose q = 4*k + 5. What is the tens digit of 161 + 2/(0 + k)?
6
What is the units digit of (-3520)/12*99/(-55)?
8
Suppose 282*x - 277*x = -335. Let c = x + 154. What is the units digit of c?
7
Suppose 5*c = 19*s - 18*s - 30636, 4*s - 122493 = 3*c. What is the units digit of s?
1
Let q(z) = z**3 + 5*z**2 + 6*z + 5. Let d be q(-4). Let h = -2840 + 2812. What is the tens digit of 3/9*d - h?
2
Suppose 12076 = 14*h + 1226. Let w = 2177 - h. What is the hundreds digit of w?
4
Let k(z) be the second derivative of 4*z**3/3 - 131*z**2/2 + 18*z. Let s(l) = 17*l - 263. Let t(v) = -9*k(v) + 4*s(v). What is the units digit of t(0)?
7
Suppose -k = -3*n - 15, n - 30 = -2*k - 3*n. Suppose 446 = k*z - 1894. Suppose f = -p - 0*f + 166, 4*f + z = p. What is the units digit of p?
4
What is the tens digit of (66/(-9)*-3)/(16/80768*16)?
4
Suppose 2*m = -p + 68715, 0 = -4*m + 2*m - 3*p + 68717. What is the thousands digit of m?
4
Let p be (-1)/(2/(-4))*(-2184)/(-16). Let h be -2 - (p/14)/((-1)/2). Suppose 193 - h = 3*t. What is the units digit of t?
2
Suppose 4*n = -12, -4*o + 9*n - 4*n = -23. Suppose 4*a - 89 - 9183 = -5*y, o*a = -4*y + 7420. What is the units digit of y?
6
Let w be (6*-4)/(-3) + -7 + 5. Suppose -3*u + m = -w*u + 765, -4*u = -5*m - 1001. What is the units digit of u?
4
Let b = 54425 - 32528. What is the thousands digit of b?
1
Let h be (1/4)/(8/32). What is the hundreds digit of h*2/(-6) - (-39182)/33?
1
Suppose -4*w + t + 32 = -3*t, -t = 0. Suppose -w = m - 17. Let v(g) = 14*g - 32. What is the tens digit of v(m)?
9
Let m(f) = -f**2 - 8*f + 12. Let z be m(-6). Suppose -z*g = -29*g + 795. What is the units digit of g?
9
Let v = 149 + -149. Suppose -5*i + 2111 - 386 = -4*w, v = -5*i + w + 1740. What is the tens digit of i?
4
Suppose w - 6 = 6*c - 2*c, 3*w = c - 4. Let t(k) = -k**2 - 2*k + 2. Let q be t(c). Suppose -q*z = -g - 78, -17 = 5*z + 2*g - 212. What is the units digit of z?
9
What is the tens digit of (30 - 26)/((-8)/(-147622))?
1
Let s(k) be the first derivative of -k**4/4 - 2*k**3 - 2*k**2 + 2*k + 13. Let g be s(-6). What is the tens digit of (-65)/g*(-488)/10?
2
Let f(i) = -i**3 + 9*i**2 + 4*i - 26. Let u be f(10). Let g = u + 61. What is the tens digit of (g - -3)/(2/(-3))?
3
Suppose 0 = o + 474 - 470, -4*o - 64729 = -3*s. What is the tens digit of s?
7
Let m be 4 + -5 + -1 + 9. Let i be 38/(-10) - 3/(8 + m). What is the units digit of (2/(i + 0) + 4)*34?
9
What is the hundreds digit of ((-7428)/(-21))/((140/(-147))/(-10))?
7
Suppose -4*u + 35647 = -3*a + 4*a, 3*a - 5*u - 106890 = 0. What is the tens digit of a?
3
Suppose -2*c - t = -4*c + 652, -4*c = -4*t - 1312. Let v = 95 + c. What is the hundreds digit of v?
4
Suppose -2*v = -0*g - 3*g + 2931, 2891 = -2*v - 5*g. Let d = v + 2068. What is the hundreds digit of d?
6
Suppose -8*r = 5*s - 516443, 50*s - 51*s - 64557 = -r. What is the units digit of r?
6
Let a be 20/3*-3*5/(-20). Suppose -a*d = 689 - 2689. What is the tens digit of d?
0
Suppose j + 6 = 5*j + 2*a, -4*j + 27 = -5*a. Suppose 3*h = j*m - 57, 0*m - 2*m + 23 = 3*h. Suppose -2*o + m + 48 = 0. What is the units digit of o?
2
Suppose -4*g + u = -3860, 4*g + 5*u - 1083 = 2753. What is the tens digit of g?
6
Let l be 196/11 + -2*(-2)/22. Suppose -7*v + v = -l. What is the tens digit of (3/12)/(0 + v/276)?
2
Suppose -27*r = -8*r. Suppose 3*w - 4*z - 11